{"id":45,"date":"2023-05-03T01:00:13","date_gmt":"2023-05-02T23:00:13","guid":{"rendered":"https:\/\/kocky-sfcp.cz\/r\/?page_id=45"},"modified":"2025-01-28T22:01:12","modified_gmt":"2025-01-28T21:01:12","slug":"clenska-zakladna","status":"publish","type":"page","link":"https:\/\/kocky-sfcp.cz\/r\/clenska-zakladna\/","title":{"rendered":"\u010clensk\u00e1 z\u00e1kladna"},"content":{"rendered":"\n<figure class=\"wp-block-table\"><table><tbody><tr><td><strong>Jm\u00e9no<\/strong><\/td><td><strong>Obec<\/strong><\/td><td><strong>Odkaz<\/strong><\/td><\/tr><tr><td>Fran\u010de Jaroslav<\/td><td>Velk\u00e9 P\u0159\u00edlepy<\/td><td>CHS z Cesty Karla IV.<\/td><\/tr><tr><td>Fran\u010deov\u00e1 Jana<\/td><td>Velk\u00e9 P\u0159\u00edlepy<\/td><td>CHS z Cesty Karla IV.<\/td><\/tr><tr><td>Hale\u0161 Radek<\/td><td>Praha 10<\/td><td><\/td><\/tr><tr><td>Ku\u010derov\u00e1 Lucie<\/td><td>\u010cesk\u00e9 Bud\u011bjovice<\/td><td><a href=\"http:\/\/odkosticky.cz\/\">CHS od Kosti\u010dky<\/a><\/td><\/tr><tr><td>Machov\u00e1 Iva<\/td><td>Praha 9<\/td><td><\/td><\/tr><tr><td>Mare\u0161ov\u00e1 Jana<\/td><td>Praha 4<\/td><td>CHS Hairy Huddle<\/td><\/tr><tr><td>Markov\u00e1 Hana<\/td><td>Kol\u00edn<\/td><td><\/td><\/tr><tr><td>Mottlov\u00e1 Martina<\/td><td>Praha 10<\/td><td><\/td><\/tr><tr><td>Moudr\u00e1 Martina<\/td><td>Kosova Hora<\/td><td><\/td><\/tr><tr><td>Moudr\u00fd Petr<\/td><td>Kosova Hora<\/td><td><\/td><\/tr><tr><td>Pavelkov\u00e1 Michaela<\/td><td>Unho\u0161\u0165<\/td><td>CHS Siberian Soul<\/td><\/tr><tr><td>Posp\u00ed\u0161ilov\u00e1 Jana<\/td><td>Kunovice<\/td><td><\/td><\/tr><tr><td>Sedl\u00e1kov\u00e1 Eva<\/td><td>Praha 10<\/td><td>CHS De-Sedlak<\/td><\/tr><tr><td>Sklen\u00e1\u0159ov\u00e1 Hana<\/td><td>Praha 4<\/td><td><\/td><\/tr><tr><td>Stuchl\u00edkov\u00e1 Diana<\/td><td>Praha 10<\/td><td>CHS ze Slatinky<\/td><\/tr><tr><td>T\u0159e\u0161kov\u00e1 Alena<\/td><td>Praha 2<\/td><td>CHS Peridot<\/td><\/tr><tr><td>\u017d\u00e1\u010dkov\u00e1 Lenka<\/td><td>Humpolec<\/td><td>CHS Wild Taiga<\/td><\/tr><\/tbody><\/table><\/figure>\n","protected":false},"excerpt":{"rendered":"<p>Jm\u00e9no Obec Odkaz Fran\u010de Jaroslav Velk\u00e9 P\u0159\u00edlepy CHS z Cesty Karla IV. Fran\u010deov\u00e1 Jana Velk\u00e9 P\u0159\u00edlepy CHS z Cesty Karla IV. Hale\u0161 Radek Praha 10 Ku\u010derov\u00e1 Lucie \u010cesk\u00e9 Bud\u011bjovice CHS od Kosti\u010dky Machov\u00e1 Iva Praha 9 Mare\u0161ov\u00e1 Jana Praha 4 CHS Hairy Huddle Markov\u00e1 Hana Kol\u00edn Mottlov\u00e1 Martina Praha 10 Moudr\u00e1 Martina Kosova Hora Moudr\u00fd &hellip; <\/p>\n<p class=\"link-more\"><a href=\"https:\/\/kocky-sfcp.cz\/r\/clenska-zakladna\/\" class=\"more-link\">Pokra\u010dovat ve \u010dten\u00ed<span class=\"screen-reader-text\"> &#8222;\u010clensk\u00e1 z\u00e1kladna&#8220;<\/span><\/a><\/p>\n","protected":false},"author":1,"featured_media":0,"parent":0,"menu_order":0,"comment_status":"closed","ping_status":"closed","template":"","meta":{"footnotes":""},"class_list":["post-45","page","type-page","status-publish","hentry"],"_links":{"self":[{"href":"https:\/\/kocky-sfcp.cz\/r\/wp-json\/wp\/v2\/pages\/45","targetHints":{"allow":["GET"]}}],"collection":[{"href":"https:\/\/kocky-sfcp.cz\/r\/wp-json\/wp\/v2\/pages"}],"about":[{"href":"https:\/\/kocky-sfcp.cz\/r\/wp-json\/wp\/v2\/types\/page"}],"author":[{"embeddable":true,"href":"https:\/\/kocky-sfcp.cz\/r\/wp-json\/wp\/v2\/users\/1"}],"replies":[{"embeddable":true,"href":"https:\/\/kocky-sfcp.cz\/r\/wp-json\/wp\/v2\/comments?post=45"}],"version-history":[{"count":10,"href":"https:\/\/kocky-sfcp.cz\/r\/wp-json\/wp\/v2\/pages\/45\/revisions"}],"predecessor-version":[{"id":142,"href":"https:\/\/kocky-sfcp.cz\/r\/wp-json\/wp\/v2\/pages\/45\/revisions\/142"}],"wp:attachment":[{"href":"https:\/\/kocky-sfcp.cz\/r\/wp-json\/wp\/v2\/media?parent=45"}],"curies":[{"name":"wp","href":"https:\/\/api.w.org\/{rel}","templated":true}]}}